{"id":428,"date":"2021-04-23T09:03:34","date_gmt":"2021-04-23T12:03:34","guid":{"rendered":"https:\/\/asaofranciscodeassis.org.br\/portal\/?page_id=428"},"modified":"2022-08-31T16:57:03","modified_gmt":"2022-08-31T19:57:03","slug":"doacao","status":"publish","type":"page","link":"https:\/\/asaofranciscodeassis.org.br\/portal\/doacao\/","title":{"rendered":"Doa\u00e7\u00e3o"},"content":{"rendered":"\t\t<div data-elementor-type=\"wp-page\" data-elementor-id=\"428\" class=\"elementor elementor-428\">\n\t\t\t\t\t\t<section class=\"elementor-section elementor-top-section elementor-element elementor-element-1b30dd6e elementor-section-full_width elementor-section-height-default elementor-section-height-default\" data-id=\"1b30dd6e\" data-element_type=\"section\" data-e-type=\"section\" data-settings=\"{&quot;background_background&quot;:&quot;gradient&quot;}\">\n\t\t\t\t\t\t<div class=\"elementor-container elementor-column-gap-default\">\n\t\t\t\t\t<div class=\"elementor-column elementor-col-25 elementor-top-column elementor-element elementor-element-3fd3ac78\" data-id=\"3fd3ac78\" data-element_type=\"column\" data-e-type=\"column\">\n\t\t\t<div class=\"elementor-widget-wrap elementor-element-populated\">\n\t\t\t\t\t\t<div class=\"elementor-element elementor-element-318c9067 elementor-widget elementor-widget-image\" data-id=\"318c9067\" data-element_type=\"widget\" data-e-type=\"widget\" data-widget_type=\"image.default\">\n\t\t\t\t<div class=\"elementor-widget-container\">\n\t\t\t\t\t\t\t\t\t\t\t\t\t\t\t<img decoding=\"async\" width=\"150\" height=\"150\" src=\"https:\/\/asaofranciscodeassis.org.br\/portal\/wp-content\/uploads\/2021\/04\/logoappd-150x150.jpeg\" class=\"attachment-thumbnail size-thumbnail wp-image-60\" alt=\"\" \/>\t\t\t\t\t\t\t\t\t\t\t\t\t\t\t<\/div>\n\t\t\t\t<\/div>\n\t\t\t\t\t<\/div>\n\t\t<\/div>\n\t\t\t\t<div class=\"elementor-column elementor-col-25 elementor-top-column elementor-element elementor-element-38220f38\" data-id=\"38220f38\" data-element_type=\"column\" data-e-type=\"column\" data-settings=\"{&quot;background_background&quot;:&quot;classic&quot;}\">\n\t\t\t<div class=\"elementor-widget-wrap elementor-element-populated\">\n\t\t\t\t\t<div class=\"elementor-background-overlay\"><\/div>\n\t\t\t\t\t\t<div class=\"elementor-element elementor-element-5f9ead77 elementor-widget-mobile__width-inherit elementor-widget elementor-widget-ekit-nav-menu\" data-id=\"5f9ead77\" data-element_type=\"widget\" data-e-type=\"widget\" data-widget_type=\"ekit-nav-menu.default\">\n\t\t\t\t<div class=\"elementor-widget-container\">\n\t\t\t\t\t\t\t<nav class=\"ekit-wid-con ekit_menu_responsive_tablet\" \n\t\t\tdata-hamburger-icon=\"\" \n\t\t\tdata-hamburger-icon-type=\"icon\" \n\t\t\tdata-responsive-breakpoint=\"1024\">\n\t\t\t            <button class=\"elementskit-menu-hamburger elementskit-menu-toggler\"  type=\"button\" aria-label=\"hamburger-icon\">\n                                    <span class=\"elementskit-menu-hamburger-icon\"><\/span><span class=\"elementskit-menu-hamburger-icon\"><\/span><span class=\"elementskit-menu-hamburger-icon\"><\/span>\n                            <\/button>\n            <div id=\"ekit-megamenu-menu-1\" class=\"elementskit-menu-container elementskit-menu-offcanvas-elements elementskit-navbar-nav-default ekit-nav-menu-one-page-no ekit-nav-dropdown-hover\"><ul id=\"menu-menu-1\" class=\"elementskit-navbar-nav elementskit-menu-po-center submenu-click-on-icon\"><li id=\"menu-item-52\" class=\"menu-item menu-item-type-custom menu-item-object-custom menu-item-52 nav-item elementskit-mobile-builder-content\" data-vertical-menu=750px><a href=\"https:\/\/asaofranciscodeassis.org.br\/portal\/home\" class=\"ekit-menu-nav-link\">Home<\/a><\/li>\n<li id=\"menu-item-358\" class=\"menu-item menu-item-type-custom menu-item-object-custom menu-item-358 nav-item elementskit-mobile-builder-content\" data-vertical-menu=750px><a href=\"http:\/\/asaofranciscodeassis.org.br\/portal\/quem-somos\" class=\"ekit-menu-nav-link\">Quem Somos<\/a><\/li>\n<li id=\"menu-item-166\" class=\"menu-item menu-item-type-custom menu-item-object-custom menu-item-166 nav-item elementskit-mobile-builder-content\" data-vertical-menu=750px><a href=\"https:\/\/asaofranciscodeassis.org.br\/portal\/equipe\" class=\"ekit-menu-nav-link\">Equipe<\/a><\/li>\n<li id=\"menu-item-167\" class=\"menu-item menu-item-type-custom menu-item-object-custom menu-item-167 nav-item elementskit-mobile-builder-content\" data-vertical-menu=750px><a href=\"https:\/\/asaofranciscodeassis.org.br\/portal\/transparencia\" class=\"ekit-menu-nav-link\">Transpar\u00eancia<\/a><\/li>\n<li id=\"menu-item-317\" class=\"menu-item menu-item-type-custom menu-item-object-custom menu-item-317 nav-item elementskit-mobile-builder-content\" data-vertical-menu=750px><a href=\"http:\/\/asaofranciscodeassis.org\/portal\/fotos\" class=\"ekit-menu-nav-link\">Fotos<\/a><\/li>\n<li id=\"menu-item-420\" class=\"menu-item menu-item-type-custom menu-item-object-custom menu-item-420 nav-item elementskit-mobile-builder-content\" data-vertical-menu=750px><a href=\"https:\/\/asaofranciscodeassis.org.br\/portal\/doacao\/\" class=\"ekit-menu-nav-link\">Doa\u00e7\u00e3o<\/a><\/li>\n<li id=\"menu-item-318\" class=\"menu-item menu-item-type-custom menu-item-object-custom menu-item-318 nav-item elementskit-mobile-builder-content\" data-vertical-menu=750px><a href=\"http:\/\/asaofranciscodeassis.org\/portal\/contato\" class=\"ekit-menu-nav-link\">Contato<\/a><\/li>\n<\/ul><div class=\"elementskit-nav-identity-panel\"><a class=\"elementskit-nav-logo\" href=\"https:\/\/asaofranciscodeassis.org.br\/portal\" target=\"\" rel=\"\"><img src=\"https:\/\/asaofranciscodeassis.org.br\/portal\/wp-content\/uploads\/2021\/04\/logoappd.jpeg\" title=\"logoappd\" alt=\"logoappd\" decoding=\"async\" \/><\/a><button class=\"elementskit-menu-close elementskit-menu-toggler\" type=\"button\">X<\/button><\/div><\/div>\t\t\t\n\t\t\t<div class=\"elementskit-menu-overlay elementskit-menu-offcanvas-elements elementskit-menu-toggler ekit-nav-menu--overlay\"><\/div>        <\/nav>\n\t\t\t\t\t\t<\/div>\n\t\t\t\t<\/div>\n\t\t\t\t\t<\/div>\n\t\t<\/div>\n\t\t\t\t<div class=\"elementor-column elementor-col-25 elementor-top-column elementor-element elementor-element-171d9301\" data-id=\"171d9301\" data-element_type=\"column\" data-e-type=\"column\">\n\t\t\t<div class=\"elementor-widget-wrap\">\n\t\t\t\t\t\t\t<\/div>\n\t\t<\/div>\n\t\t\t\t<div class=\"elementor-column elementor-col-25 elementor-top-column elementor-element elementor-element-52a12001\" data-id=\"52a12001\" data-element_type=\"column\" data-e-type=\"column\">\n\t\t\t<div class=\"elementor-widget-wrap\">\n\t\t\t\t\t\t\t<\/div>\n\t\t<\/div>\n\t\t\t\t\t<\/div>\n\t\t<\/section>\n\t\t\t\t<section class=\"elementor-section elementor-top-section elementor-element elementor-element-4a796776 elementor-section-full_width elementor-section-height-default elementor-section-height-default\" data-id=\"4a796776\" data-element_type=\"section\" data-e-type=\"section\" data-settings=\"{&quot;background_background&quot;:&quot;classic&quot;}\">\n\t\t\t\t\t\t<div class=\"elementor-container elementor-column-gap-no\">\n\t\t\t\t\t<div class=\"elementor-column elementor-col-100 elementor-top-column elementor-element elementor-element-7fbc0f84\" data-id=\"7fbc0f84\" data-element_type=\"column\" data-e-type=\"column\">\n\t\t\t<div class=\"elementor-widget-wrap elementor-element-populated\">\n\t\t\t\t\t\t<section class=\"elementor-section elementor-inner-section elementor-element elementor-element-50e8f793 elementor-section-boxed elementor-section-height-default elementor-section-height-default\" data-id=\"50e8f793\" data-element_type=\"section\" data-e-type=\"section\">\n\t\t\t\t\t\t<div class=\"elementor-container elementor-column-gap-default\">\n\t\t\t\t\t<div class=\"elementor-column elementor-col-100 elementor-inner-column elementor-element elementor-element-721d51a9\" data-id=\"721d51a9\" data-element_type=\"column\" data-e-type=\"column\">\n\t\t\t<div class=\"elementor-widget-wrap elementor-element-populated\">\n\t\t\t\t\t\t<div class=\"elementor-element elementor-element-274cba9e elementor-widget elementor-widget-elementskit-heading\" data-id=\"274cba9e\" data-element_type=\"widget\" data-e-type=\"widget\" data-widget_type=\"elementskit-heading.default\">\n\t\t\t\t<div class=\"elementor-widget-container\">\n\t\t\t\t\t<div class=\"ekit-wid-con\" ><div class=\"ekit-heading elementskit-section-title-wraper text_left   ekit_heading_tablet-   ekit_heading_mobile-\"><h6 class=\"ekit-heading--title elementskit-section-title \">Doa\u00e7\u00e3o<\/h6><span class=\"ekit-heading--subtitle elementskit-section-subtitle  elementskit-style-border\">\n\t\t\t\t\t\tPic Pay | Pag Seguro | PIX\n\t\t\t\t\t<\/span>\t\t\t\t<div class='ekit-heading__description'>\n\t\t\t\t\t<p>A Associa\u00e7\u00e3o De Pessoas Portadoras de Defici\u00eancia \u201cS\u00e3o Francisco de Assis \u201c, vive por meio de doa\u00e7\u00f5es, e para facilitar agora voc\u00ea pode fazer sua doa\u00e7\u00e3o atrav\u00e9s do PIX, do Qr code ou do link de maneira simples e f\u00e1cil sem precisar sair de casa podendo utilizar o boleto ou \u00a0cart\u00e3o de cr\u00e9dito. Nos ajude com sua doa\u00e7\u00e3o.<\/p>\n<p>\u00a0<\/p>\n<p>PIX para doa\u00e7\u00e3o<br \/><strong>CNPJ: 67.161.810\/0001-09<\/strong><\/p>\n<p>\u00a0<\/p>\n<p>Doa\u00e7\u00f5es picpay e pagseguro<\/p>\n\t\t\t\t<\/div>\n\t\t\t<\/div><\/div>\t\t\t\t<\/div>\n\t\t\t\t<\/div>\n\t\t\t\t\t<\/div>\n\t\t<\/div>\n\t\t\t\t\t<\/div>\n\t\t<\/section>\n\t\t\t\t<section class=\"elementor-section elementor-inner-section elementor-element elementor-element-6cb7c2c6 elementor-section-boxed elementor-section-height-default elementor-section-height-default\" data-id=\"6cb7c2c6\" data-element_type=\"section\" data-e-type=\"section\">\n\t\t\t\t\t\t<div class=\"elementor-container elementor-column-gap-default\">\n\t\t\t\t\t<div class=\"elementor-column elementor-col-50 elementor-inner-column elementor-element elementor-element-4ee0f661\" data-id=\"4ee0f661\" data-element_type=\"column\" data-e-type=\"column\">\n\t\t\t<div class=\"elementor-widget-wrap elementor-element-populated\">\n\t\t\t\t\t\t<div class=\"elementor-element elementor-element-c453c22 elementor-widget elementor-widget-image\" data-id=\"c453c22\" data-element_type=\"widget\" data-e-type=\"widget\" data-widget_type=\"image.default\">\n\t\t\t\t<div class=\"elementor-widget-container\">\n\t\t\t\t\t\t\t\t\t\t\t\t\t\t\t<img fetchpriority=\"high\" decoding=\"async\" width=\"300\" height=\"300\" src=\"https:\/\/asaofranciscodeassis.org.br\/portal\/wp-content\/uploads\/2021\/04\/doeaqui.jpeg\" class=\"attachment-large size-large wp-image-181\" alt=\"\" srcset=\"https:\/\/asaofranciscodeassis.org.br\/portal\/wp-content\/uploads\/2021\/04\/doeaqui.jpeg 300w, https:\/\/asaofranciscodeassis.org.br\/portal\/wp-content\/uploads\/2021\/04\/doeaqui-150x150.jpeg 150w\" sizes=\"(max-width: 300px) 100vw, 300px\" \/>\t\t\t\t\t\t\t\t\t\t\t\t\t\t\t<\/div>\n\t\t\t\t<\/div>\n\t\t\t\t<div class=\"elementor-element elementor-element-18379dd elementor-widget elementor-widget-text-editor\" data-id=\"18379dd\" data-element_type=\"widget\" data-e-type=\"widget\" data-widget_type=\"text-editor.default\">\n\t\t\t\t<div class=\"elementor-widget-container\">\n\t\t\t\t\t\t\t\t\t<p style=\"text-align: center;\">Doe atrav\u00e9s do QR Code Pag Seguro ou do Link Abaixo<br \/><a href=\"https:\/\/pag.ae\/7W7Nvkj13\">https:\/\/pag.ae\/7W7Nvkj13<\/a><br \/><br \/><\/p>\t\t\t\t\t\t\t\t<\/div>\n\t\t\t\t<\/div>\n\t\t\t\t\t<\/div>\n\t\t<\/div>\n\t\t\t\t<div class=\"elementor-column elementor-col-50 elementor-inner-column elementor-element elementor-element-2546ade2\" data-id=\"2546ade2\" data-element_type=\"column\" data-e-type=\"column\">\n\t\t\t<div class=\"elementor-widget-wrap elementor-element-populated\">\n\t\t\t\t\t\t<div class=\"elementor-element elementor-element-d0c6431 elementor-widget elementor-widget-image\" data-id=\"d0c6431\" data-element_type=\"widget\" data-e-type=\"widget\" data-widget_type=\"image.default\">\n\t\t\t\t<div class=\"elementor-widget-container\">\n\t\t\t\t\t\t\t\t\t\t\t\t\t\t\t<img decoding=\"async\" width=\"326\" height=\"324\" src=\"https:\/\/asaofranciscodeassis.org.br\/portal\/wp-content\/uploads\/2021\/04\/Pic-Pay-1.png\" class=\"attachment-large size-large wp-image-435\" alt=\"\" srcset=\"https:\/\/asaofranciscodeassis.org.br\/portal\/wp-content\/uploads\/2021\/04\/Pic-Pay-1.png 326w, https:\/\/asaofranciscodeassis.org.br\/portal\/wp-content\/uploads\/2021\/04\/Pic-Pay-1-300x298.png 300w, https:\/\/asaofranciscodeassis.org.br\/portal\/wp-content\/uploads\/2021\/04\/Pic-Pay-1-150x150.png 150w\" sizes=\"(max-width: 326px) 100vw, 326px\" \/>\t\t\t\t\t\t\t\t\t\t\t\t\t\t\t<\/div>\n\t\t\t\t<\/div>\n\t\t\t\t<div class=\"elementor-element elementor-element-3f8be51 elementor-widget elementor-widget-text-editor\" data-id=\"3f8be51\" data-element_type=\"widget\" data-e-type=\"widget\" data-widget_type=\"text-editor.default\">\n\t\t\t\t<div class=\"elementor-widget-container\">\n\t\t\t\t\t\t\t\t\t<p style=\"text-align: center;\">Doe atrav\u00e9s do QR Code Pic Pay ou do Link Abaixo<br \/><a href=\"https:\/\/app.picpay.com\/payment?type=store&amp;hash=rlqjQmrKvJppCncc\">https:\/\/app.picpay.com\/payment?type=store&amp;hash=rlqjQmrKvJppCncc<\/a><\/p>\t\t\t\t\t\t\t\t<\/div>\n\t\t\t\t<\/div>\n\t\t\t\t\t<\/div>\n\t\t<\/div>\n\t\t\t\t\t<\/div>\n\t\t<\/section>\n\t\t\t\t\t<\/div>\n\t\t<\/div>\n\t\t\t\t\t<\/div>\n\t\t<\/section>\n\t\t\t\t<section class=\"elementor-section elementor-top-section elementor-element elementor-element-1e566bbf elementor-section-full_width elementor-section-height-default elementor-section-height-default\" data-id=\"1e566bbf\" data-element_type=\"section\" data-e-type=\"section\" data-settings=\"{&quot;background_background&quot;:&quot;classic&quot;}\">\n\t\t\t\t\t\t<div class=\"elementor-container elementor-column-gap-default\">\n\t\t\t\t\t<div class=\"elementor-column elementor-col-33 elementor-top-column elementor-element elementor-element-5b866540\" data-id=\"5b866540\" data-element_type=\"column\" data-e-type=\"column\">\n\t\t\t<div class=\"elementor-widget-wrap\">\n\t\t\t\t\t\t\t<\/div>\n\t\t<\/div>\n\t\t\t\t<div class=\"elementor-column elementor-col-33 elementor-top-column elementor-element elementor-element-3f5d18fa\" data-id=\"3f5d18fa\" data-element_type=\"column\" data-e-type=\"column\">\n\t\t\t<div class=\"elementor-widget-wrap elementor-element-populated\">\n\t\t\t\t\t\t<div class=\"elementor-element elementor-element-610a4df5 elementor-widget elementor-widget-text-editor\" data-id=\"610a4df5\" data-element_type=\"widget\" data-e-type=\"widget\" data-widget_type=\"text-editor.default\">\n\t\t\t\t<div class=\"elementor-widget-container\">\n\t\t\t\t\t\t\t\t\t<p>Rua Augusto Caetano, 275 \u2013 Jd. Nova S\u00e3o Jo\u00e3o &#8211; S\u00e3o Jo\u00e3o da Boa Vista-SP | CEP:13874-143<br>Telefones: (19) 3622-2899 | 3622-3818<br>E-mail: appdsfa@uol.com.br<\/p>\t\t\t\t\t\t\t\t<\/div>\n\t\t\t\t<\/div>\n\t\t\t\t<div class=\"elementor-element elementor-element-5c3bda50 elementor-widget elementor-widget-image\" data-id=\"5c3bda50\" data-element_type=\"widget\" data-e-type=\"widget\" data-widget_type=\"image.default\">\n\t\t\t\t<div class=\"elementor-widget-container\">\n\t\t\t\t\t\t\t\t\t\t\t\t\t\t\t\t<a href=\"http:\/\/asaofranciscodeassis.org.br\/portal\/home\">\n\t\t\t\t\t\t\t<img decoding=\"async\" width=\"150\" height=\"150\" src=\"https:\/\/asaofranciscodeassis.org.br\/portal\/wp-content\/uploads\/2021\/04\/logoappd-150x150.jpeg\" class=\"attachment-thumbnail size-thumbnail wp-image-60\" alt=\"\" \/>\t\t\t\t\t\t\t\t<\/a>\n\t\t\t\t\t\t\t\t\t\t\t\t\t\t\t<\/div>\n\t\t\t\t<\/div>\n\t\t\t\t\t<\/div>\n\t\t<\/div>\n\t\t\t\t<div class=\"elementor-column elementor-col-33 elementor-top-column elementor-element elementor-element-797aa549\" data-id=\"797aa549\" data-element_type=\"column\" data-e-type=\"column\">\n\t\t\t<div class=\"elementor-widget-wrap\">\n\t\t\t\t\t\t\t<\/div>\n\t\t<\/div>\n\t\t\t\t\t<\/div>\n\t\t<\/section>\n\t\t\t\t<\/div>\n\t\t","protected":false},"excerpt":{"rendered":"<p>Home Quem Somos Equipe Transpar\u00eancia Fotos Doa\u00e7\u00e3o Contato X Doa\u00e7\u00e3o Pic Pay | Pag Seguro | PIX A Associa\u00e7\u00e3o De Pessoas Portadoras de Defici\u00eancia \u201cS\u00e3o Francisco de Assis \u201c, vive por meio de doa\u00e7\u00f5es, e para facilitar agora voc\u00ea pode fazer sua doa\u00e7\u00e3o atrav\u00e9s do PIX, do Qr code ou do link de maneira simples [&hellip;]<\/p>\n","protected":false},"author":1,"featured_media":0,"parent":0,"menu_order":0,"comment_status":"closed","ping_status":"closed","template":"elementor_canvas","meta":{"pagelayer_contact_templates":[],"_pagelayer_content":"","footnotes":""},"class_list":["post-428","page","type-page","status-publish","hentry"],"_links":{"self":[{"href":"https:\/\/asaofranciscodeassis.org.br\/portal\/wp-json\/wp\/v2\/pages\/428","targetHints":{"allow":["GET"]}}],"collection":[{"href":"https:\/\/asaofranciscodeassis.org.br\/portal\/wp-json\/wp\/v2\/pages"}],"about":[{"href":"https:\/\/asaofranciscodeassis.org.br\/portal\/wp-json\/wp\/v2\/types\/page"}],"author":[{"embeddable":true,"href":"https:\/\/asaofranciscodeassis.org.br\/portal\/wp-json\/wp\/v2\/users\/1"}],"replies":[{"embeddable":true,"href":"https:\/\/asaofranciscodeassis.org.br\/portal\/wp-json\/wp\/v2\/comments?post=428"}],"version-history":[{"count":14,"href":"https:\/\/asaofranciscodeassis.org.br\/portal\/wp-json\/wp\/v2\/pages\/428\/revisions"}],"predecessor-version":[{"id":620,"href":"https:\/\/asaofranciscodeassis.org.br\/portal\/wp-json\/wp\/v2\/pages\/428\/revisions\/620"}],"wp:attachment":[{"href":"https:\/\/asaofranciscodeassis.org.br\/portal\/wp-json\/wp\/v2\/media?parent=428"}],"curies":[{"name":"wp","href":"https:\/\/api.w.org\/{rel}","templated":true}]}}