{"id":323,"date":"2021-04-19T23:12:21","date_gmt":"2021-04-20T02:12:21","guid":{"rendered":"https:\/\/asaofranciscodeassis.org.br\/portal\/?page_id=323"},"modified":"2026-02-09T17:33:26","modified_gmt":"2026-02-09T20:33:26","slug":"transparencia","status":"publish","type":"page","link":"https:\/\/asaofranciscodeassis.org.br\/portal\/transparencia\/","title":{"rendered":"Transpar\u00eancia"},"content":{"rendered":"\t\t<div data-elementor-type=\"wp-page\" data-elementor-id=\"323\" class=\"elementor elementor-323\">\n\t\t\t\t\t\t<section class=\"elementor-section elementor-top-section elementor-element elementor-element-18b0b8a7 elementor-section-full_width elementor-section-height-default elementor-section-height-default\" data-id=\"18b0b8a7\" data-element_type=\"section\" data-e-type=\"section\" data-settings=\"{&quot;background_background&quot;:&quot;gradient&quot;}\">\n\t\t\t\t\t\t<div class=\"elementor-container elementor-column-gap-default\">\n\t\t\t\t\t<div class=\"elementor-column elementor-col-25 elementor-top-column elementor-element elementor-element-58006677\" data-id=\"58006677\" data-element_type=\"column\" data-e-type=\"column\">\n\t\t\t<div class=\"elementor-widget-wrap elementor-element-populated\">\n\t\t\t\t\t\t<div class=\"elementor-element elementor-element-48a90da9 elementor-widget elementor-widget-image\" data-id=\"48a90da9\" data-element_type=\"widget\" data-e-type=\"widget\" data-widget_type=\"image.default\">\n\t\t\t\t<div class=\"elementor-widget-container\">\n\t\t\t\t\t\t\t\t\t\t\t\t\t\t\t<img decoding=\"async\" width=\"150\" height=\"150\" src=\"https:\/\/asaofranciscodeassis.org.br\/portal\/wp-content\/uploads\/2021\/04\/logoappd-150x150.jpeg\" class=\"attachment-thumbnail size-thumbnail wp-image-60\" alt=\"\" \/>\t\t\t\t\t\t\t\t\t\t\t\t\t\t\t<\/div>\n\t\t\t\t<\/div>\n\t\t\t\t\t<\/div>\n\t\t<\/div>\n\t\t\t\t<div class=\"elementor-column elementor-col-25 elementor-top-column elementor-element elementor-element-56f05f12\" data-id=\"56f05f12\" data-element_type=\"column\" data-e-type=\"column\" data-settings=\"{&quot;background_background&quot;:&quot;classic&quot;}\">\n\t\t\t<div class=\"elementor-widget-wrap elementor-element-populated\">\n\t\t\t\t\t<div class=\"elementor-background-overlay\"><\/div>\n\t\t\t\t\t\t<div class=\"elementor-element elementor-element-319a18bd elementor-widget-mobile__width-inherit elementor-widget elementor-widget-ekit-nav-menu\" data-id=\"319a18bd\" data-element_type=\"widget\" data-e-type=\"widget\" data-widget_type=\"ekit-nav-menu.default\">\n\t\t\t\t<div class=\"elementor-widget-container\">\n\t\t\t\t\t\t\t<nav class=\"ekit-wid-con ekit_menu_responsive_tablet\" \n\t\t\tdata-hamburger-icon=\"\" \n\t\t\tdata-hamburger-icon-type=\"icon\" \n\t\t\tdata-responsive-breakpoint=\"1024\">\n\t\t\t            <button class=\"elementskit-menu-hamburger elementskit-menu-toggler\"  type=\"button\" aria-label=\"hamburger-icon\">\n                                    <span class=\"elementskit-menu-hamburger-icon\"><\/span><span class=\"elementskit-menu-hamburger-icon\"><\/span><span class=\"elementskit-menu-hamburger-icon\"><\/span>\n                            <\/button>\n            <div id=\"ekit-megamenu-menu-1\" class=\"elementskit-menu-container elementskit-menu-offcanvas-elements elementskit-navbar-nav-default ekit-nav-menu-one-page-no ekit-nav-dropdown-hover\"><ul id=\"menu-menu-1\" class=\"elementskit-navbar-nav elementskit-menu-po-center submenu-click-on-icon\"><li id=\"menu-item-52\" class=\"menu-item menu-item-type-custom menu-item-object-custom menu-item-52 nav-item elementskit-mobile-builder-content\" data-vertical-menu=750px><a href=\"https:\/\/asaofranciscodeassis.org.br\/portal\/home\" class=\"ekit-menu-nav-link\">Home<\/a><\/li>\n<li id=\"menu-item-358\" class=\"menu-item menu-item-type-custom menu-item-object-custom menu-item-358 nav-item elementskit-mobile-builder-content\" data-vertical-menu=750px><a href=\"http:\/\/asaofranciscodeassis.org.br\/portal\/quem-somos\" class=\"ekit-menu-nav-link\">Quem Somos<\/a><\/li>\n<li id=\"menu-item-166\" class=\"menu-item menu-item-type-custom menu-item-object-custom menu-item-166 nav-item elementskit-mobile-builder-content\" data-vertical-menu=750px><a href=\"https:\/\/asaofranciscodeassis.org.br\/portal\/equipe\" class=\"ekit-menu-nav-link\">Equipe<\/a><\/li>\n<li id=\"menu-item-167\" class=\"menu-item menu-item-type-custom menu-item-object-custom menu-item-167 nav-item elementskit-mobile-builder-content\" data-vertical-menu=750px><a href=\"https:\/\/asaofranciscodeassis.org.br\/portal\/transparencia\" class=\"ekit-menu-nav-link\">Transpar\u00eancia<\/a><\/li>\n<li id=\"menu-item-317\" class=\"menu-item menu-item-type-custom menu-item-object-custom menu-item-317 nav-item elementskit-mobile-builder-content\" data-vertical-menu=750px><a href=\"http:\/\/asaofranciscodeassis.org\/portal\/fotos\" class=\"ekit-menu-nav-link\">Fotos<\/a><\/li>\n<li id=\"menu-item-420\" class=\"menu-item menu-item-type-custom menu-item-object-custom menu-item-420 nav-item elementskit-mobile-builder-content\" data-vertical-menu=750px><a href=\"https:\/\/asaofranciscodeassis.org.br\/portal\/doacao\/\" class=\"ekit-menu-nav-link\">Doa\u00e7\u00e3o<\/a><\/li>\n<li id=\"menu-item-318\" class=\"menu-item menu-item-type-custom menu-item-object-custom menu-item-318 nav-item elementskit-mobile-builder-content\" data-vertical-menu=750px><a href=\"http:\/\/asaofranciscodeassis.org\/portal\/contato\" class=\"ekit-menu-nav-link\">Contato<\/a><\/li>\n<\/ul><div class=\"elementskit-nav-identity-panel\"><a class=\"elementskit-nav-logo\" href=\"https:\/\/asaofranciscodeassis.org.br\/portal\" target=\"\" rel=\"\"><img src=\"https:\/\/asaofranciscodeassis.org.br\/portal\/wp-content\/uploads\/2021\/04\/logoappd.jpeg\" title=\"logoappd\" alt=\"logoappd\" decoding=\"async\" \/><\/a><button class=\"elementskit-menu-close elementskit-menu-toggler\" type=\"button\">X<\/button><\/div><\/div>\t\t\t\n\t\t\t<div class=\"elementskit-menu-overlay elementskit-menu-offcanvas-elements elementskit-menu-toggler ekit-nav-menu--overlay\"><\/div>        <\/nav>\n\t\t\t\t\t\t<\/div>\n\t\t\t\t<\/div>\n\t\t\t\t\t<\/div>\n\t\t<\/div>\n\t\t\t\t<div class=\"elementor-column elementor-col-25 elementor-top-column elementor-element elementor-element-3cc606c4\" data-id=\"3cc606c4\" data-element_type=\"column\" data-e-type=\"column\">\n\t\t\t<div class=\"elementor-widget-wrap\">\n\t\t\t\t\t\t\t<\/div>\n\t\t<\/div>\n\t\t\t\t<div class=\"elementor-column elementor-col-25 elementor-top-column elementor-element elementor-element-5e6d6baf\" data-id=\"5e6d6baf\" data-element_type=\"column\" data-e-type=\"column\">\n\t\t\t<div class=\"elementor-widget-wrap\">\n\t\t\t\t\t\t\t<\/div>\n\t\t<\/div>\n\t\t\t\t\t<\/div>\n\t\t<\/section>\n\t\t\t\t<section class=\"elementor-section elementor-top-section elementor-element elementor-element-4e3b41aa elementor-section-full_width elementor-section-height-default elementor-section-height-default\" data-id=\"4e3b41aa\" data-element_type=\"section\" data-e-type=\"section\" data-settings=\"{&quot;background_background&quot;:&quot;classic&quot;}\">\n\t\t\t\t\t\t<div class=\"elementor-container elementor-column-gap-no\">\n\t\t\t\t\t<div class=\"elementor-column elementor-col-100 elementor-top-column elementor-element elementor-element-12833517\" data-id=\"12833517\" data-element_type=\"column\" data-e-type=\"column\">\n\t\t\t<div class=\"elementor-widget-wrap elementor-element-populated\">\n\t\t\t\t\t\t<section class=\"elementor-section elementor-inner-section elementor-element elementor-element-4e205019 elementor-section-boxed elementor-section-height-default elementor-section-height-default\" data-id=\"4e205019\" data-element_type=\"section\" data-e-type=\"section\">\n\t\t\t\t\t\t<div class=\"elementor-container elementor-column-gap-default\">\n\t\t\t\t\t<div class=\"elementor-column elementor-col-50 elementor-inner-column elementor-element elementor-element-29bf4a35\" data-id=\"29bf4a35\" data-element_type=\"column\" data-e-type=\"column\">\n\t\t\t<div class=\"elementor-widget-wrap elementor-element-populated\">\n\t\t\t\t\t\t<div class=\"elementor-element elementor-element-311d50ef elementor-widget elementor-widget-elementskit-heading\" data-id=\"311d50ef\" data-element_type=\"widget\" data-e-type=\"widget\" data-widget_type=\"elementskit-heading.default\">\n\t\t\t\t<div class=\"elementor-widget-container\">\n\t\t\t\t\t<div class=\"ekit-wid-con\" ><div class=\"ekit-heading elementskit-section-title-wraper text_left   ekit_heading_tablet-   ekit_heading_mobile-\"><h3 class=\"ekit-heading--title elementskit-section-title \">Transpar\u00eancia P\u00fablica<\/h3><span class=\"ekit-heading--subtitle elementskit-section-subtitle  elementskit-style-border\">\n\t\t\t\t\t\tAcompanhe de forma transparente a APPD\n\t\t\t\t\t<\/span><\/div><\/div>\t\t\t\t<\/div>\n\t\t\t\t<\/div>\n\t\t\t\t\t<\/div>\n\t\t<\/div>\n\t\t\t\t<div class=\"elementor-column elementor-col-50 elementor-inner-column elementor-element elementor-element-5335399a\" data-id=\"5335399a\" data-element_type=\"column\" data-e-type=\"column\">\n\t\t\t<div class=\"elementor-widget-wrap elementor-element-populated\">\n\t\t\t\t\t\t\t<\/div>\n\t\t<\/div>\n\t\t\t\t\t<\/div>\n\t\t<\/section>\n\t\t\t\t\t<\/div>\n\t\t<\/div>\n\t\t\t\t\t<\/div>\n\t\t<\/section>\n\t\t\t\t<section class=\"elementor-section elementor-top-section elementor-element elementor-element-21e4094 elementor-section-boxed elementor-section-height-default elementor-section-height-default\" data-id=\"21e4094\" data-element_type=\"section\" data-e-type=\"section\">\n\t\t\t\t\t\t<div class=\"elementor-container elementor-column-gap-default\">\n\t\t\t\t\t<div class=\"elementor-column elementor-col-33 elementor-top-column elementor-element elementor-element-88b3b3e\" data-id=\"88b3b3e\" data-element_type=\"column\" data-e-type=\"column\">\n\t\t\t<div class=\"elementor-widget-wrap\">\n\t\t\t\t\t\t\t<\/div>\n\t\t<\/div>\n\t\t\t\t<div class=\"elementor-column elementor-col-33 elementor-top-column elementor-element elementor-element-4afa283\" data-id=\"4afa283\" data-element_type=\"column\" data-e-type=\"column\">\n\t\t\t<div class=\"elementor-widget-wrap elementor-element-populated\">\n\t\t\t\t\t\t<div class=\"elementor-element elementor-element-5008a86 elementor-align-center elementor-widget elementor-widget-button\" data-id=\"5008a86\" data-element_type=\"widget\" data-e-type=\"widget\" data-widget_type=\"button.default\">\n\t\t\t\t<div class=\"elementor-widget-container\">\n\t\t\t\t\t\t\t\t\t<div class=\"elementor-button-wrapper\">\n\t\t\t\t\t<a class=\"elementor-button elementor-button-link elementor-size-sm\" href=\"https:\/\/gerr.com.br\/principal.php?m=portal&#038;chave=46429379000150&#038;proponente=67.161.810\/0001-09\" target=\"_blank\">\n\t\t\t\t\t\t<span class=\"elementor-button-content-wrapper\">\n\t\t\t\t\t\t\t\t\t<span class=\"elementor-button-text\">Parcerias com o 3\u00ba Setor - S\u00e3o Jo\u00e3o da Boa Vista<\/span>\n\t\t\t\t\t<\/span>\n\t\t\t\t\t<\/a>\n\t\t\t\t<\/div>\n\t\t\t\t\t\t\t\t<\/div>\n\t\t\t\t<\/div>\n\t\t\t\t\t<\/div>\n\t\t<\/div>\n\t\t\t\t<div class=\"elementor-column elementor-col-33 elementor-top-column elementor-element elementor-element-9259c24\" data-id=\"9259c24\" data-element_type=\"column\" data-e-type=\"column\">\n\t\t\t<div class=\"elementor-widget-wrap\">\n\t\t\t\t\t\t\t<\/div>\n\t\t<\/div>\n\t\t\t\t\t<\/div>\n\t\t<\/section>\n\t\t\t\t<section class=\"elementor-section elementor-top-section elementor-element elementor-element-8684e37 elementor-section-boxed elementor-section-height-default elementor-section-height-default\" data-id=\"8684e37\" data-element_type=\"section\" data-e-type=\"section\">\n\t\t\t\t\t\t<div class=\"elementor-container elementor-column-gap-default\">\n\t\t\t\t\t<div class=\"elementor-column elementor-col-100 elementor-top-column elementor-element elementor-element-df33c39\" data-id=\"df33c39\" data-element_type=\"column\" data-e-type=\"column\">\n\t\t\t<div class=\"elementor-widget-wrap elementor-element-populated\">\n\t\t\t\t\t\t<div class=\"elementor-element elementor-element-9e05636 elementor-widget elementor-widget-image-gallery\" data-id=\"9e05636\" data-element_type=\"widget\" data-e-type=\"widget\" data-widget_type=\"image-gallery.default\">\n\t\t\t\t<div class=\"elementor-widget-container\">\n\t\t\t\t\t\t\t<div class=\"elementor-image-gallery\">\n\t\t\t<div id='gallery-1' class='gallery galleryid-323 gallery-columns-5 gallery-size-full'><figure class='gallery-item'>\n\t\t\t<div class='gallery-icon portrait'>\n\t\t\t\t<a data-elementor-open-lightbox=\"yes\" data-elementor-lightbox-slideshow=\"9e05636\" data-elementor-lightbox-title=\"Documentod de Transpar\u00eancia Institucional da APPD_page-0001\" data-e-action-hash=\"#elementor-action%3Aaction%3Dlightbox%26settings%3DeyJpZCI6NjcxLCJ1cmwiOiJodHRwczpcL1wvYXNhb2ZyYW5jaXNjb2RlYXNzaXMub3JnLmJyXC9wb3J0YWxcL3dwLWNvbnRlbnRcL3VwbG9hZHNcLzIwMjZcLzAyXC9Eb2N1bWVudG9kLWRlLVRyYW5zcGFyZW5jaWEtSW5zdGl0dWNpb25hbC1kYS1BUFBEX3BhZ2UtMDAwMS5qcGciLCJzbGlkZXNob3ciOiI5ZTA1NjM2In0%3D\" href='https:\/\/asaofranciscodeassis.org.br\/portal\/wp-content\/uploads\/2026\/02\/Documentod-de-Transparencia-Institucional-da-APPD_page-0001.jpg'><img fetchpriority=\"high\" decoding=\"async\" width=\"1240\" height=\"1753\" src=\"https:\/\/asaofranciscodeassis.org.br\/portal\/wp-content\/uploads\/2026\/02\/Documentod-de-Transparencia-Institucional-da-APPD_page-0001.jpg\" class=\"attachment-full size-full\" alt=\"\" srcset=\"https:\/\/asaofranciscodeassis.org.br\/portal\/wp-content\/uploads\/2026\/02\/Documentod-de-Transparencia-Institucional-da-APPD_page-0001.jpg 1240w, https:\/\/asaofranciscodeassis.org.br\/portal\/wp-content\/uploads\/2026\/02\/Documentod-de-Transparencia-Institucional-da-APPD_page-0001-212x300.jpg 212w, https:\/\/asaofranciscodeassis.org.br\/portal\/wp-content\/uploads\/2026\/02\/Documentod-de-Transparencia-Institucional-da-APPD_page-0001-724x1024.jpg 724w, https:\/\/asaofranciscodeassis.org.br\/portal\/wp-content\/uploads\/2026\/02\/Documentod-de-Transparencia-Institucional-da-APPD_page-0001-768x1086.jpg 768w, https:\/\/asaofranciscodeassis.org.br\/portal\/wp-content\/uploads\/2026\/02\/Documentod-de-Transparencia-Institucional-da-APPD_page-0001-1087x1536.jpg 1087w\" sizes=\"(max-width: 1240px) 100vw, 1240px\" \/><\/a>\n\t\t\t<\/div><\/figure><figure class='gallery-item'>\n\t\t\t<div class='gallery-icon portrait'>\n\t\t\t\t<a data-elementor-open-lightbox=\"yes\" data-elementor-lightbox-slideshow=\"9e05636\" data-elementor-lightbox-title=\"Documentod de Transpar\u00eancia Institucional da APPD_page-0002\" data-e-action-hash=\"#elementor-action%3Aaction%3Dlightbox%26settings%3DeyJpZCI6NjcyLCJ1cmwiOiJodHRwczpcL1wvYXNhb2ZyYW5jaXNjb2RlYXNzaXMub3JnLmJyXC9wb3J0YWxcL3dwLWNvbnRlbnRcL3VwbG9hZHNcLzIwMjZcLzAyXC9Eb2N1bWVudG9kLWRlLVRyYW5zcGFyZW5jaWEtSW5zdGl0dWNpb25hbC1kYS1BUFBEX3BhZ2UtMDAwMi5qcGciLCJzbGlkZXNob3ciOiI5ZTA1NjM2In0%3D\" href='https:\/\/asaofranciscodeassis.org.br\/portal\/wp-content\/uploads\/2026\/02\/Documentod-de-Transparencia-Institucional-da-APPD_page-0002.jpg'><img decoding=\"async\" width=\"1240\" height=\"1753\" src=\"https:\/\/asaofranciscodeassis.org.br\/portal\/wp-content\/uploads\/2026\/02\/Documentod-de-Transparencia-Institucional-da-APPD_page-0002.jpg\" class=\"attachment-full size-full\" alt=\"\" srcset=\"https:\/\/asaofranciscodeassis.org.br\/portal\/wp-content\/uploads\/2026\/02\/Documentod-de-Transparencia-Institucional-da-APPD_page-0002.jpg 1240w, https:\/\/asaofranciscodeassis.org.br\/portal\/wp-content\/uploads\/2026\/02\/Documentod-de-Transparencia-Institucional-da-APPD_page-0002-212x300.jpg 212w, https:\/\/asaofranciscodeassis.org.br\/portal\/wp-content\/uploads\/2026\/02\/Documentod-de-Transparencia-Institucional-da-APPD_page-0002-724x1024.jpg 724w, https:\/\/asaofranciscodeassis.org.br\/portal\/wp-content\/uploads\/2026\/02\/Documentod-de-Transparencia-Institucional-da-APPD_page-0002-768x1086.jpg 768w, https:\/\/asaofranciscodeassis.org.br\/portal\/wp-content\/uploads\/2026\/02\/Documentod-de-Transparencia-Institucional-da-APPD_page-0002-1087x1536.jpg 1087w\" sizes=\"(max-width: 1240px) 100vw, 1240px\" \/><\/a>\n\t\t\t<\/div><\/figure><figure class='gallery-item'>\n\t\t\t<div class='gallery-icon portrait'>\n\t\t\t\t<a data-elementor-open-lightbox=\"yes\" data-elementor-lightbox-slideshow=\"9e05636\" data-elementor-lightbox-title=\"Documentod de Transpar\u00eancia Institucional da APPD_page-0003\" data-e-action-hash=\"#elementor-action%3Aaction%3Dlightbox%26settings%3DeyJpZCI6NjczLCJ1cmwiOiJodHRwczpcL1wvYXNhb2ZyYW5jaXNjb2RlYXNzaXMub3JnLmJyXC9wb3J0YWxcL3dwLWNvbnRlbnRcL3VwbG9hZHNcLzIwMjZcLzAyXC9Eb2N1bWVudG9kLWRlLVRyYW5zcGFyZW5jaWEtSW5zdGl0dWNpb25hbC1kYS1BUFBEX3BhZ2UtMDAwMy5qcGciLCJzbGlkZXNob3ciOiI5ZTA1NjM2In0%3D\" href='https:\/\/asaofranciscodeassis.org.br\/portal\/wp-content\/uploads\/2026\/02\/Documentod-de-Transparencia-Institucional-da-APPD_page-0003.jpg'><img loading=\"lazy\" decoding=\"async\" width=\"1240\" height=\"1753\" src=\"https:\/\/asaofranciscodeassis.org.br\/portal\/wp-content\/uploads\/2026\/02\/Documentod-de-Transparencia-Institucional-da-APPD_page-0003.jpg\" class=\"attachment-full size-full\" alt=\"\" srcset=\"https:\/\/asaofranciscodeassis.org.br\/portal\/wp-content\/uploads\/2026\/02\/Documentod-de-Transparencia-Institucional-da-APPD_page-0003.jpg 1240w, https:\/\/asaofranciscodeassis.org.br\/portal\/wp-content\/uploads\/2026\/02\/Documentod-de-Transparencia-Institucional-da-APPD_page-0003-212x300.jpg 212w, https:\/\/asaofranciscodeassis.org.br\/portal\/wp-content\/uploads\/2026\/02\/Documentod-de-Transparencia-Institucional-da-APPD_page-0003-724x1024.jpg 724w, https:\/\/asaofranciscodeassis.org.br\/portal\/wp-content\/uploads\/2026\/02\/Documentod-de-Transparencia-Institucional-da-APPD_page-0003-768x1086.jpg 768w, https:\/\/asaofranciscodeassis.org.br\/portal\/wp-content\/uploads\/2026\/02\/Documentod-de-Transparencia-Institucional-da-APPD_page-0003-1087x1536.jpg 1087w\" sizes=\"(max-width: 1240px) 100vw, 1240px\" \/><\/a>\n\t\t\t<\/div><\/figure><figure class='gallery-item'>\n\t\t\t<div class='gallery-icon portrait'>\n\t\t\t\t<a data-elementor-open-lightbox=\"yes\" data-elementor-lightbox-slideshow=\"9e05636\" data-elementor-lightbox-title=\"Documentod de Transpar\u00eancia Institucional da APPD_page-0004\" data-e-action-hash=\"#elementor-action%3Aaction%3Dlightbox%26settings%3DeyJpZCI6Njc0LCJ1cmwiOiJodHRwczpcL1wvYXNhb2ZyYW5jaXNjb2RlYXNzaXMub3JnLmJyXC9wb3J0YWxcL3dwLWNvbnRlbnRcL3VwbG9hZHNcLzIwMjZcLzAyXC9Eb2N1bWVudG9kLWRlLVRyYW5zcGFyZW5jaWEtSW5zdGl0dWNpb25hbC1kYS1BUFBEX3BhZ2UtMDAwNC5qcGciLCJzbGlkZXNob3ciOiI5ZTA1NjM2In0%3D\" href='https:\/\/asaofranciscodeassis.org.br\/portal\/wp-content\/uploads\/2026\/02\/Documentod-de-Transparencia-Institucional-da-APPD_page-0004.jpg'><img loading=\"lazy\" decoding=\"async\" width=\"1240\" height=\"1753\" src=\"https:\/\/asaofranciscodeassis.org.br\/portal\/wp-content\/uploads\/2026\/02\/Documentod-de-Transparencia-Institucional-da-APPD_page-0004.jpg\" class=\"attachment-full size-full\" alt=\"\" srcset=\"https:\/\/asaofranciscodeassis.org.br\/portal\/wp-content\/uploads\/2026\/02\/Documentod-de-Transparencia-Institucional-da-APPD_page-0004.jpg 1240w, https:\/\/asaofranciscodeassis.org.br\/portal\/wp-content\/uploads\/2026\/02\/Documentod-de-Transparencia-Institucional-da-APPD_page-0004-212x300.jpg 212w, https:\/\/asaofranciscodeassis.org.br\/portal\/wp-content\/uploads\/2026\/02\/Documentod-de-Transparencia-Institucional-da-APPD_page-0004-724x1024.jpg 724w, https:\/\/asaofranciscodeassis.org.br\/portal\/wp-content\/uploads\/2026\/02\/Documentod-de-Transparencia-Institucional-da-APPD_page-0004-768x1086.jpg 768w, https:\/\/asaofranciscodeassis.org.br\/portal\/wp-content\/uploads\/2026\/02\/Documentod-de-Transparencia-Institucional-da-APPD_page-0004-1087x1536.jpg 1087w\" sizes=\"(max-width: 1240px) 100vw, 1240px\" \/><\/a>\n\t\t\t<\/div><\/figure><figure class='gallery-item'>\n\t\t\t<div class='gallery-icon portrait'>\n\t\t\t\t<a data-elementor-open-lightbox=\"yes\" data-elementor-lightbox-slideshow=\"9e05636\" data-elementor-lightbox-title=\"Documentod de Transpar\u00eancia Institucional da APPD_page-0005\" data-e-action-hash=\"#elementor-action%3Aaction%3Dlightbox%26settings%3DeyJpZCI6Njc1LCJ1cmwiOiJodHRwczpcL1wvYXNhb2ZyYW5jaXNjb2RlYXNzaXMub3JnLmJyXC9wb3J0YWxcL3dwLWNvbnRlbnRcL3VwbG9hZHNcLzIwMjZcLzAyXC9Eb2N1bWVudG9kLWRlLVRyYW5zcGFyZW5jaWEtSW5zdGl0dWNpb25hbC1kYS1BUFBEX3BhZ2UtMDAwNS5qcGciLCJzbGlkZXNob3ciOiI5ZTA1NjM2In0%3D\" href='https:\/\/asaofranciscodeassis.org.br\/portal\/wp-content\/uploads\/2026\/02\/Documentod-de-Transparencia-Institucional-da-APPD_page-0005.jpg'><img loading=\"lazy\" decoding=\"async\" width=\"1240\" height=\"1753\" src=\"https:\/\/asaofranciscodeassis.org.br\/portal\/wp-content\/uploads\/2026\/02\/Documentod-de-Transparencia-Institucional-da-APPD_page-0005.jpg\" class=\"attachment-full size-full\" alt=\"\" srcset=\"https:\/\/asaofranciscodeassis.org.br\/portal\/wp-content\/uploads\/2026\/02\/Documentod-de-Transparencia-Institucional-da-APPD_page-0005.jpg 1240w, https:\/\/asaofranciscodeassis.org.br\/portal\/wp-content\/uploads\/2026\/02\/Documentod-de-Transparencia-Institucional-da-APPD_page-0005-212x300.jpg 212w, https:\/\/asaofranciscodeassis.org.br\/portal\/wp-content\/uploads\/2026\/02\/Documentod-de-Transparencia-Institucional-da-APPD_page-0005-724x1024.jpg 724w, https:\/\/asaofranciscodeassis.org.br\/portal\/wp-content\/uploads\/2026\/02\/Documentod-de-Transparencia-Institucional-da-APPD_page-0005-768x1086.jpg 768w, https:\/\/asaofranciscodeassis.org.br\/portal\/wp-content\/uploads\/2026\/02\/Documentod-de-Transparencia-Institucional-da-APPD_page-0005-1087x1536.jpg 1087w\" sizes=\"(max-width: 1240px) 100vw, 1240px\" \/><\/a>\n\t\t\t<\/div><\/figure>\n\t\t<\/div>\n\t\t<\/div>\n\t\t\t\t\t\t<\/div>\n\t\t\t\t<\/div>\n\t\t\t\t\t<\/div>\n\t\t<\/div>\n\t\t\t\t\t<\/div>\n\t\t<\/section>\n\t\t\t\t<section class=\"elementor-section elementor-top-section elementor-element elementor-element-3e98c9f6 elementor-section-full_width elementor-section-height-default elementor-section-height-default\" data-id=\"3e98c9f6\" data-element_type=\"section\" data-e-type=\"section\" data-settings=\"{&quot;background_background&quot;:&quot;classic&quot;}\">\n\t\t\t\t\t\t<div class=\"elementor-container elementor-column-gap-default\">\n\t\t\t\t\t<div class=\"elementor-column elementor-col-33 elementor-top-column elementor-element elementor-element-48c79c46\" data-id=\"48c79c46\" data-element_type=\"column\" data-e-type=\"column\">\n\t\t\t<div class=\"elementor-widget-wrap\">\n\t\t\t\t\t\t\t<\/div>\n\t\t<\/div>\n\t\t\t\t<div class=\"elementor-column elementor-col-33 elementor-top-column elementor-element elementor-element-1365a77\" data-id=\"1365a77\" data-element_type=\"column\" data-e-type=\"column\">\n\t\t\t<div class=\"elementor-widget-wrap elementor-element-populated\">\n\t\t\t\t\t\t<div class=\"elementor-element elementor-element-1de46b65 elementor-widget elementor-widget-text-editor\" data-id=\"1de46b65\" data-element_type=\"widget\" data-e-type=\"widget\" data-widget_type=\"text-editor.default\">\n\t\t\t\t<div class=\"elementor-widget-container\">\n\t\t\t\t\t\t\t\t\t<p>Rua Augusto Caetano, 275 \u2013 Jd. Nova S\u00e3o Jo\u00e3o &#8211; S\u00e3o Jo\u00e3o da Boa Vista-SP | CEP:13874-143<br>Telefones: (19) 3622-2899 | 3622-3818<br>E-mail: appdsfa@uol.com.br<\/p>\t\t\t\t\t\t\t\t<\/div>\n\t\t\t\t<\/div>\n\t\t\t\t<div class=\"elementor-element elementor-element-5aae1d79 elementor-widget elementor-widget-image\" data-id=\"5aae1d79\" data-element_type=\"widget\" data-e-type=\"widget\" data-widget_type=\"image.default\">\n\t\t\t\t<div class=\"elementor-widget-container\">\n\t\t\t\t\t\t\t\t\t\t\t\t\t\t\t\t<a href=\"https:\/\/elementskit.xpeedstudio.com\/\">\n\t\t\t\t\t\t\t<img decoding=\"async\" width=\"150\" height=\"150\" src=\"https:\/\/asaofranciscodeassis.org.br\/portal\/wp-content\/uploads\/2021\/04\/logoappd-150x150.jpeg\" class=\"attachment-thumbnail size-thumbnail wp-image-60\" alt=\"\" \/>\t\t\t\t\t\t\t\t<\/a>\n\t\t\t\t\t\t\t\t\t\t\t\t\t\t\t<\/div>\n\t\t\t\t<\/div>\n\t\t\t\t\t<\/div>\n\t\t<\/div>\n\t\t\t\t<div class=\"elementor-column elementor-col-33 elementor-top-column elementor-element elementor-element-3eca516a\" data-id=\"3eca516a\" data-element_type=\"column\" data-e-type=\"column\">\n\t\t\t<div class=\"elementor-widget-wrap\">\n\t\t\t\t\t\t\t<\/div>\n\t\t<\/div>\n\t\t\t\t\t<\/div>\n\t\t<\/section>\n\t\t\t\t<\/div>\n\t\t","protected":false},"excerpt":{"rendered":"<p>Home Quem Somos Equipe Transpar\u00eancia Fotos Doa\u00e7\u00e3o Contato X Transpar\u00eancia P\u00fablica Acompanhe de forma transparente a APPD Parcerias com o 3\u00ba Setor &#8211; S\u00e3o Jo\u00e3o da Boa Vista Rua Augusto Caetano, 275 \u2013 Jd. Nova S\u00e3o Jo\u00e3o &#8211; S\u00e3o Jo\u00e3o da Boa Vista-SP | CEP:13874-143Telefones: (19) 3622-2899 | 3622-3818E-mail: appdsfa@uol.com.br<\/p>\n","protected":false},"author":1,"featured_media":0,"parent":0,"menu_order":0,"comment_status":"closed","ping_status":"closed","template":"elementor_canvas","meta":{"pagelayer_contact_templates":[],"_pagelayer_content":"","footnotes":""},"class_list":["post-323","page","type-page","status-publish","hentry"],"_links":{"self":[{"href":"https:\/\/asaofranciscodeassis.org.br\/portal\/wp-json\/wp\/v2\/pages\/323","targetHints":{"allow":["GET"]}}],"collection":[{"href":"https:\/\/asaofranciscodeassis.org.br\/portal\/wp-json\/wp\/v2\/pages"}],"about":[{"href":"https:\/\/asaofranciscodeassis.org.br\/portal\/wp-json\/wp\/v2\/types\/page"}],"author":[{"embeddable":true,"href":"https:\/\/asaofranciscodeassis.org.br\/portal\/wp-json\/wp\/v2\/users\/1"}],"replies":[{"embeddable":true,"href":"https:\/\/asaofranciscodeassis.org.br\/portal\/wp-json\/wp\/v2\/comments?post=323"}],"version-history":[{"count":145,"href":"https:\/\/asaofranciscodeassis.org.br\/portal\/wp-json\/wp\/v2\/pages\/323\/revisions"}],"predecessor-version":[{"id":681,"href":"https:\/\/asaofranciscodeassis.org.br\/portal\/wp-json\/wp\/v2\/pages\/323\/revisions\/681"}],"wp:attachment":[{"href":"https:\/\/asaofranciscodeassis.org.br\/portal\/wp-json\/wp\/v2\/media?parent=323"}],"curies":[{"name":"wp","href":"https:\/\/api.w.org\/{rel}","templated":true}]}}